 divisor of h and x?
2
Suppose -3077 = -12*o - 53*o + 563. What is the greatest common factor of o and 5432?
56
Let c be 2 - (2*2 + (-9 - 20)). Suppose 13*s = 10*s + c. Calculate the highest common divisor of 27 and s.
9
Let h be ((-1680)/98)/(243/(-2268)). Let u(t) = -2*t - 4. Let j be u(-7). Calculate the highest common divisor of h and j.
10
Suppose -6914 + 6634 = -4*h. Calculate the greatest common divisor of h and 3710.
70
Let v(j) = -j**3 + 7*j**2 + 4. Let t be v(7). Let s be (-3)/2*t/3. Let k(n) = -23*n - 4. Let m be k(s). Calculate the greatest common factor of 14 and m.
14
Let k = -115 + 205. Suppose 4 = -s + 5*s, -5*m - 5*s = 415. Let o be 1*-15*(m/18 + 4). What is the highest common factor of o and k?
10
Let r be 70/(-6) + (-10)/(-15). Let s be 0 + (0 - 2) - r. Suppose 5 = -b, 10*b - 5*b + 169 = 4*z. Calculate the highest common divisor of s and z.
9
Suppose 105*j - 60*j - 3203 = -683. What is the greatest common divisor of j and 1016?
8
Let c = 3 + 5. Let q be -1 + 1 - (-51)/(918/144). Calculate the highest common factor of q and c.
8
Let s = -1896 - -3771. What is the highest common factor of s and 30?
15
Suppose -c - 2 + 0 = 0. Let u(a) be the third derivative of a**5/20 + a**4/8 - a**3/2 - 2*a**2. Let z be u(c). Calculate the greatest common factor of 24 and z.
3
Suppose -5 = -t - 0. Let p be ((-20)/2)/5*6/(-4). Suppose 15 = t*s, 5*o + p*s = 6 + 8. What is the greatest common factor of o and 2?
1
Let q = 274 + -154. Let s = 120 - q. Suppose s = -3*v - 9 + 3, -5*v = -5*w + 20. Calculate the greatest common divisor of w and 10.
2
Suppose 3*k - 130 = 5*g, -2*g = -4*k + 6 + 158. What is the highest common divisor of 208 and k?
8
Let a(l) = -6*l**3 - 1. Let g be a(-1). Suppose -4*j + 24 = 4*u + 8, g*j = -4*u + 12. What is the greatest common divisor of 6 and u?
2
Suppose 5*b = 4*j + 14, -6 = -b + j - 4. Suppose -4*f - 12 = -b*f. Let l = 31 - -35. Calculate the highest common divisor of l and f.
6
Let j(i) = i**2 - 31*i + 32. Let c be j(30). Suppose 5*v - 5*f = 4 + 61, 0 = -v - c*f + 10. What is the highest common divisor of v and 3?
3
Suppose 3*w + 210 = -0. Suppose 3*d + 152*g - 147*g + 344 = 0, g - 212 = 2*d. Let c be (d/14)/3*w. What is the highest common factor of c and 15?
15
Let c(q) = -64*q + 388. Let b be c(5). What is the highest common divisor of 4148 and b?
68
Let u be 6/(-10) - (-6 + (-520)/(-50)) - -2721. Calculate the highest common divisor of u and 28.
28
Let x(j) = 22 - j + 6*j + 4*j + j**2. Let h = 1960 - 1967. Let q be x(h). What is the highest common divisor of q and 64?
8
Suppose -120*g - 43 = -122*g + 5*c, -3*g + 4*c + 68 = 0. What is the highest common factor of 708 and g?
12
Let z(r) = -2*r**3 - 18*r**2 + r + 13. Suppose 4*h = 8*h + 36. Let m be z(h). Calculate the highest common factor of 4 and m.
4
Let m = -697 + 661. Let k = 128 + m. What is the greatest common divisor of 230 and k?
46
Let n be (-2148)/(-30) - 2/(-5). Suppose -4*c + 5*x = 244, -70 = 3*c + 5*x + 78. Let i be (60/35)/((-12)/c). Calculate the greatest common divisor of n and i.
8
Suppose -213*v + 256 = -285*v + 1552. What is the greatest common factor of v and 302?
2
Let m be 130/4 - (-51)/(-34). Suppose 0 = m*y - 352 - 1012. What is the highest common divisor of 176 and y?
44
Let d(y) = 2*y**2 + 25*y - 26. Suppose -t + 30 = -2*c, 2 = 3*t - 2*t. Let s be d(c). Calculate the greatest common factor of s and 12.
4
Let n(r) = -16*r - 14. Let g(v) = -v**3 + 22*v**2 - 40*v - 3. Let b = 107 - 87. Let a be g(b). Let c be n(a). Calculate the greatest common factor of c and 136.
34
Let v(w) = 2*w - 9*w + 3*w - 9 - 2*w. Let m(k) = -k**3 - 8*k**2 - 11*k - 30. Let g be m(-7). Let s be v(g). Calculate the greatest common divisor of 6 and s.
3
Let f be ((-218)/8)/(161/(-2576)). What is the greatest common factor of f and 8?
4
Suppose 1200 = -11*o - 2331. Let q = o + 324. What is the greatest common divisor of 13 and q?
1
Let o(v) = 15*v**2 + v - 1. Let i be o(-4). Suppose 8*j - 12*j + 5*c = -559, -3*c = j - 144. What is the highest common factor of i and j?
47
Let t be (-14005)/(-70) + (-18)/252. Let l(f) = -39*f + 8. Let y be l(-8). Suppose 3*d - y = -d. Calculate the greatest common factor of d and t.
40
Suppose 890 = 13*f + 799. Let x = 56 - 35. What is the greatest common factor of f and x?
7
Let u(c) = -c**2 + 6*c - 5. Let h be u(4). Let y(k) = 11*k - 3. Let q be y(h). Suppose 21*v - 356 = 305 + 284. What is the greatest common divisor of q and v?
15
Suppose -8*i = -18*i + 70. Suppose 5*c + 5*b = 110, 3*c - 61 = -9*b + i*b. Calculate the greatest common divisor of 85 and c.
17
Let i be 2/(-80)*5*-29674 + 3/4. What is the highest common factor of i and 42?
14
Suppose -20*a - 820 = -5680 - 11660. What is the highest common factor of a and 118?
118
Let d be ((-25)/6)/(-1) - (-3)/(-18). Suppose 2*j + 16 = 7*j - 3*a, -5*a - 5 = -d*j. What is the highest common divisor of 35 and j?
5
Suppose -116*a - 126 = -130*a. Calculate the highest common divisor of 1179 and a.
9
Let q be (1 - 2) + 75/3. Suppose 100 + 106 = 2*a. Suppose 0 = -12*t + 535 - a. Calculate the highest common factor of t and q.
12
Let s(c) = -2*c + 30. Let b be s(3). Suppose -30*l = -b*l - 6. Calculate the highest common factor of l and 49.
1
Suppose -14*n - n = -1110. Let t = n + 182. What is the highest common divisor of 32 and t?
32
Suppose 257*b - 513 = 248*b. Let g(u) = 2*u - 5. Let y be g(6). Suppose y*m = 10*m - b. Calculate the highest common divisor of 152 and m.
19
Let f(r) = 487*r - 3760. Let v be f(10). What is the highest common divisor of 1184 and v?
74
Let v be 48 + 1955/(-92) + 19 + (-1)/(-4). What is the greatest common factor of 12811 and v?
23
Let g be 1/(-5) - 11/(-5). Suppose -g*i + 5*i = x - 30, 2*i = 3*x - 20. Let z be -4 + i/(-5) + 14. What is the highest common divisor of 60 and z?
12
Suppose 5*h + 4*i - 40 = 0, 1 - 7 = -4*h + 2*i. Suppose -h*x = -367 + 27. What is the greatest common divisor of 17 and x?
17
Suppose -792*o - 876 - 23904 = -822*o. Calculate the greatest common divisor of o and 98.
14
Let l be (-18)/5*20/(-6). Suppose -5*b + 48 = 2*x, 8*x + 18 = b + 7*x. Calculate the highest common divisor of l and b.
12
Let l = 60 - 19. Suppose -2*p - l = -49. Suppose d = p*u + 24 + 24, 5*d + u - 198 = 0. What is the highest common factor of 60 and d?
20
Suppose 5*k + 0*q - 21 = 3*q, -13 = -k + 5*q. Suppose -4*d - 4*l + 84 = 0, -3*l + k = 6. What is the greatest common divisor of d and 2?
2
Let h be (360/260)/((-3)/(-26)). Let k be 22 - (-1 - -1 - -1). Calculate the highest common factor of k and h.
3
Let y(b) = 3*b + 8. Suppose 81 = -7*g - 2*g. Let k be y(g). Let d be k/(-57) - 59/(-3). What is the highest common divisor of d and 180?
20
Let v be (-12 + (-4 - -10))*(-9632)/21. Calculate the highest common factor of 215 and v.
43
Let j = 47 + -13. Suppose 62*c + 468 = 179*c. What is the highest common factor of j and c?
2
Let k(n) = 2*n + 1. Let d be k(4). Let q = 6 - 5. Suppose -q = -4*l + 47. What is the highest common divisor of d and l?
3
Let y = -4904 - -4906. What is the greatest common divisor of 79 and y?
1
Suppose 30*m = 382 - 82, 4*b + 3*m = -0*m + 198. Suppose -3*y - 3 + 507 = 0. Calculate the greatest common divisor of b and y.
42
Let r = 1057 + -696. Let a be 3/5 + (-1380)/(-75). Calculate the highest common divisor of a and r.
19
Let a(x) = x**2 - 76*x - 1289. Let g be a(95). What is the highest common factor of g and 645?
129
Let u(y) = 6*y**2 + 56*y - 353. Let m be u(5). What is the greatest common divisor of 66 and m?
11
Let j be 2/(-4)*(-6)/(-2*(-10)/1080). Calculate the greatest common factor of 432 and j.
54
Let m(a) be the second derivative of -a**5/20 + 5*a**4/4 - 23*a**3/6 - 3*a**2/2 + 2*a - 47. Let z be m(13). What is the greatest common factor of 234 and z?
18
Let x(u) = -386*u - 25. Let q be x(-10). Let z be q/195 + (-4)/6. Calculate the greatest common divisor of z and 1216.
19
Let a(d) = 9*d**2 - 7*d - 15. Let u be a(-6). Calculate the greatest common divisor of 13 and u.
13
Let d be -2 + 658/2 - 22/(506/(-69)). What is the greatest common factor of 80 and d?
10
Suppose 0 = -30*c - 26*c + 17864. What is the greatest common divisor of c and 275?
11
Let c(w) = -29*w + 1197. Let q be c(-38). What is the greatest common divisor of 76 and q?
19